?
59
Calculate the greatest common divisor of 3540 and 1003.
59
What is the highest common factor of 50 and 90?
10
What is the highest common factor of 177 and 3?
3
Calculate the greatest common factor of 133 and 7.
7
What is the greatest common factor of 496 and 32?
16
What is the greatest common divisor of 28 and 140?
28
What is the highest common factor of 33 and 6?
3
Calculate the highest common divisor of 98 and 1568.
98
Calculate the greatest common factor of 13 and 403.
13
What is the greatest common factor of 48 and 35544?
24
Calculate the greatest common factor of 4 and 10.
2
Calculate the highest common factor of 357 and 102.
51
What is the greatest common factor of 132 and 165?
33
Calculate the highest common factor of 820 and 260.
20
What is the greatest common divisor of 4 and 1532?
4
Calculate the highest common factor of 124 and 713.
31
Calculate the highest common factor of 513 and 19.
19
Calculate the highest common divisor of 5549 and 124.
31
What is the highest common factor of 85 and 187?
17
What is the highest common divisor of 144 and 16?
16
What is the highest common divisor of 34870 and 10?
10
What is the highest common divisor of 10 and 64?
2
Calculate the greatest common factor of 32 and 2096.
16
Calculate the highest common factor of 29812 and 116.
116
Calculate the highest common divisor of 1045 and 1425.
95
What is the highest common factor of 64 and 2368?
64
Calculate the highest common factor of 486 and 10449.
243
Calculate the highest common factor of 36 and 156.
12
Calculate the greatest common factor of 292 and 219.
73
What is the highest common divisor of 216 and 504?
72
Calculate the highest common divisor of 121 and 44.
11
Calculate the greatest common divisor of 927 and 9.
9
What is the highest common divisor of 323 and 1349?
19
Calculate the highest common divisor of 66 and 176.
22
What is the greatest common factor of 19 and 175313?
19
What is the greatest common divisor of 52 and 5642?
26
What is the greatest common factor of 48 and 3216?
48
What is the highest common factor of 79 and 1?
1
What is the greatest common divisor of 58 and 2987?
29
Calculate the highest common factor of 432 and 12.
12
Calculate the highest common factor of 6 and 33.
3
What is the highest common factor of 85 and 105?
5
What is the highest common divisor of 4025 and 161?
161
What is the highest common divisor of 234 and 26?
26
Calculate the greatest common factor of 9169 and 53.
53
What is the greatest common divisor of 1078 and 1232?
154
What is the greatest common factor of 7 and 707?
7
What is the greatest common divisor of 36 and 5352?
12
Calculate the highest common factor of 21 and 5019.
21
Calculate the greatest common divisor of 20617 and 53.
53
What is the highest common factor of 12327 and 21?
21
What is the highest common divisor of 22 and 2266?
22
Calculate the highest common divisor of 1935 and 45.
45
What is the greatest common divisor of 1896 and 12?
12
What is the greatest common factor of 1829 and 295?
59
Calculate the highest common divisor of 8215 and 53.
53
What is the greatest common factor of 20 and 405?
5
Calculate the greatest common factor of 15840 and 320.
160
What is the highest common divisor of 102 and 238?
34
Calculate the highest common factor of 612 and 120.
12
What is the highest common divisor of 45 and 180?
45
Calculate the greatest common divisor of 11 and 2266.
11
What is the greatest common divisor of 82 and 2747?
41
Calculate the greatest common divisor of 1643 and 53.
53
What is the highest common divisor of 60 and 640?
20
Calculate the highest common factor of 496 and 32.
16
Calculate the greatest common factor of 98 and 7154.
98
Calculate the highest common factor of 32 and 52.
4
What is the highest common factor of 4104 and 27?
27
What is the highest common factor of 22 and 1892?
22
What is the greatest common factor of 144 and 90?
18
What is the highest common factor of 2882 and 352?
22
What is the greatest common divisor of 60 and 1830?
30
What is the greatest common divisor of 500 and 60?
20
Calculate the highest common divisor of 145 and 575.
5
Calculate the greatest common divisor of 5681 and 988.
247
What is the highest common divisor of 11808 and 80?
16
Calculate the greatest common factor of 100 and 12.
4
Calculate the greatest common factor of 2542 and 62.
62
What is the highest common divisor of 1264 and 237?
79
Calculate the highest common factor of 273 and 129.
3
What is the highest common divisor of 809 and 4?
1
What is the greatest common divisor of 19 and 2869?
19
What is the highest common divisor of 72 and 81?
9
What is the highest common divisor of 1808 and 678?
226
What is the highest common divisor of 49 and 266?
7
What is the highest common divisor of 354 and 295?
59
What is the greatest common factor of 10763 and 229?
229
What is the highest common divisor of 130 and 247?
13
What is the greatest common factor of 1015 and 58?
29
Calculate the highest common factor of 5110 and 490.
70
What is the highest common factor of 12960 and 1350?
270
Calculate the highest common factor of 198 and 45.
9
Calculate the highest common factor of 232 and 21634.
58
Calculate the greatest common factor of 405 and 18.
9
Calculate the greatest common divisor of 1208 and 29294.
302
What is the highest common divisor of 15 and 10?
5
What is the highest common divisor of 203 and 145?
29
What is the highest common divisor of 234 and 1794?
78
What is the highest common factor of 217 and 7?
7
Calculate the highest common factor of 320 and 28.
4
Calculate the highest common divisor of 50 and 70.
10
Calculate the greatest common factor of 2 and 818.
2
What is the greatest common divisor of 60 and 465?
15
What is the greatest common divisor of 7659 and 46?
23
Calculate the highest common divisor of 564 and 156.
12
Calculate the highest common divisor of 194 and 18.
2
Calculate the highest common divisor of 70 and 6748.
14
Calculate the highest common factor of 180 and 1044.
36
What is the highest common divisor of 350 and 420?
70
What is the greatest common divisor of 136 and 17?
17
What is the greatest common factor of 624 and 26?
26
Calculate the highest common factor of 40 and 65.
5
Calculate the highest common divisor of 23 and 23.
23
Calculate the greatest common factor of 2116 and 4.
4
Calculate the greatest common factor of 10 and 75.
5
What is the highest common divisor of 28 and 616?
28
What is the greatest common divisor of 339 and 15?
3
Calculate the greatest common factor of 16397 and 19.
19
What is the highest common divisor of 18 and 4914?
18
Calculate the highest common factor of 12 and 300.
12
Calculate the highest common factor of 924 and 672.
84
Calculate the highest common factor of 52 and 247.
13
Calculate the greatest common divisor of 354 and 6.
6
Calculate the greatest common divisor of 184 and 22264.
184
What is the greatest common factor of 2336 and 96?
32
Calculate the highest common factor of 623 and 445.
89
Calculate the highest common factor of 399 and 1539.
57
Calculate the greatest common divisor of 15028 and 17.
17
What is the highest common factor of 290 and 58580?
290
Calculate the highest common factor of 5 and 5.
5
Calculate the greatest common divisor of 427 and 61.
61
Calculate the highest common divisor of 168 and 312.
24
What is the greatest common factor of 20 and 5020?
20
Calculate the greatest common factor of 20 and 4110.
10
What is the greatest common divisor of 21 and 9513?
21
Calculate the highest common factor of 5 and 155.
5
Calculate the highest common factor of 1988 and 56.
28
Calculate the greatest common divisor of 2350 and 1034.
94
Calculate the highest common divisor of 440 and 60.
20
What is the greatest common factor of 14 and 14?
14
Calculate the highest common factor of 234 and 286.
26
What is the highest common divisor of 21 and 9?
3
What is the highest common divisor of 8 and 152?
8
What is the greatest common factor of 20 and 250?
10
What is the greatest common divisor of 2 and 7?
1
Calculate the highest common factor of 594 and 418.
22
Calculate the highest common divisor of 58 and 16.
2
What is the greatest common factor of 216 and 24?
24
What is the highest common divisor of 726 and 330?
66
What is the highest common factor 